{"id":98,"date":"2026-03-12T23:01:30","date_gmt":"2026-03-12T20:01:30","guid":{"rendered":"https:\/\/ozgurcedergi.com\/?page_id=98"},"modified":"2026-03-31T11:57:08","modified_gmt":"2026-03-31T08:57:08","slug":"hakkimizda","status":"publish","type":"page","link":"https:\/\/ozgurcedergi.com\/?page_id=98","title":{"rendered":"Hakk\u0131m\u0131zda"},"content":{"rendered":"\n<h2>Yay\u0131n K\u00fcnyesi<\/h2>\n\n<p>\n  <strong>\u00d6ZG\u00dcRCE<\/strong> \u2013 \u0130nsan Haklar\u0131 Dergisi<br>\n  <a href=\"https:\/\/www.ozgurcedergi.com\">www.ozgurcedergi.com<\/a><br>\n  D\u00f6rt ayl\u0131k dijital dergi<br>\n<\/p>\n\n<h3>\u0130mtiyaz Sahibi<\/h3>\n<p>\n  MAZLUMDER \u0130nsan Haklar\u0131 ve Mazlumlar \u0130\u00e7in Dayan\u0131\u015fma Derne\u011fi ad\u0131na<br>\n  <strong>Av. Kaya KARTAL<\/strong> (MAZLUMDER Genel Ba\u015fkan\u0131)\n<\/p>\n\n<h3>Yay\u0131n Ekibi<\/h3>\n<ul>\n  <li><strong>Genel Yay\u0131n Y\u00f6netmeni:<\/strong> Ahmet MERCAN<\/li>\n  <li><strong>Yaz\u0131 \u0130\u015fleri M\u00fcd\u00fcr\u00fc:<\/strong> Nuri YILMAZ<\/li>\n  <li><strong>\u0130leti\u015fim Direkt\u00f6r\u00fc:<\/strong> Berke KAHRAMAN<\/li>\n<\/ul>\n\n<h3>Yay\u0131n Kurulu<\/h3>\n<ul>\n  <li>Ahmet MERCAN<\/li>\n  <li>Dr. G\u00f6khan KAVAK<\/li>\n  <li>G\u00f6khan T\u00dcRKO\u011eLU<\/li>\n  <li>Musa Melih DEM\u0130RBA\u015eCI<\/li>\n  <li>Nuri YILMAZ<\/li>\n  <li>Resul UZAR<\/li>\n<\/ul>\n\n<h3>Yay\u0131n Bilgisi<\/h3>\n<p>Ar\u015fiv ve reklam ama\u00e7l\u0131 s\u0131n\u0131rl\u0131 say\u0131da bas\u0131l\u0131r.<\/p>\n\n<h2>Yay\u0131n \u0130lkeleri ve Telif<\/h2>\n<p>\n  <strong>\u00d6ZG\u00dcRCE<\/strong> \u0130nsan Haklar\u0131 Dergisi bir MAZLUMDER yay\u0131n\u0131d\u0131r.\n  Y\u0131lda \u00fc\u00e7 say\u0131 olmak \u00fczere dijital dergi olarak\n  <a href=\"https:\/\/www.ozgurcedergi.com\">www.ozgurcedergi.com<\/a> adresinde yay\u0131nlanmaktad\u0131r.\n<\/p>\n\n<p>\n  \u201cYaz\u0131lar\u0131n i\u00e7eri\u011fine m\u00fcdahale etmeme\u201d ilkesi gere\u011fince makalelerin sorumlulu\u011fu yazarlar\u0131na aittir.\n  Dergide yay\u0131nlanan yaz\u0131lar\u0131n t\u00fcm fikr\u00ee haklar\u0131 \u0130nsan Haklar\u0131 ve Mazlumlar \u0130\u00e7in Dayan\u0131\u015fma Derne\u011fi\u2019ne (MAZLUMDER) aittir.\n  Kaynak g\u00f6sterilmeksizin al\u0131nt\u0131 yap\u0131lamaz ve kullan\u0131lamaz.\n<\/p>\n\n<p>\n  Bu dergi, MAZLUMDER ilkeleri gere\u011fi uluslararas\u0131 fon veya devlet kurumlar\u0131ndan hi\u00e7bir maddi destek kullan\u0131lmaks\u0131z\u0131n;\n  k\u0131ymetli yazarlar\u0131n g\u00f6n\u00fcll\u00fc katk\u0131lar\u0131 ve MAZLUMDER g\u00f6n\u00fcll\u00fclerinin maddi-manevi emekleriyle haz\u0131rlanm\u0131\u015ft\u0131r.\n<\/p>\n\n\n\n<p><\/p>\n","protected":false},"excerpt":{"rendered":"<p>Yay\u0131n K\u00fcnyesi \u00d6ZG\u00dcRCE \u2013 \u0130nsan Haklar\u0131 Dergisi www.ozgurcedergi.com D\u00f6rt ayl\u0131k dijital dergi \u0130mtiyaz Sahibi MAZLUMDER \u0130nsan Haklar\u0131 ve Mazlumlar \u0130\u00e7in Dayan\u0131\u015fma Derne\u011fi ad\u0131na Av. Kaya KARTAL (MAZLUMDER Genel Ba\u015fkan\u0131) Yay\u0131n Ekibi Genel Yay\u0131n Y\u00f6netmeni: Ahmet MERCAN Yaz\u0131 \u0130\u015fleri M\u00fcd\u00fcr\u00fc: Nuri YILMAZ \u0130leti\u015fim Direkt\u00f6r\u00fc: Berke KAHRAMAN Yay\u0131n Kurulu Ahmet MERCAN Dr. G\u00f6khan KAVAK G\u00f6khan T\u00dcRKO\u011eLU Musa [&hellip;]<\/p>\n","protected":false},"author":1,"featured_media":0,"parent":0,"menu_order":0,"comment_status":"closed","ping_status":"closed","template":"","meta":{"footnotes":""},"class_list":["post-98","page","type-page","status-publish","hentry"],"_links":{"self":[{"href":"https:\/\/ozgurcedergi.com\/index.php?rest_route=\/wp\/v2\/pages\/98","targetHints":{"allow":["GET"]}}],"collection":[{"href":"https:\/\/ozgurcedergi.com\/index.php?rest_route=\/wp\/v2\/pages"}],"about":[{"href":"https:\/\/ozgurcedergi.com\/index.php?rest_route=\/wp\/v2\/types\/page"}],"author":[{"embeddable":true,"href":"https:\/\/ozgurcedergi.com\/index.php?rest_route=\/wp\/v2\/users\/1"}],"replies":[{"embeddable":true,"href":"https:\/\/ozgurcedergi.com\/index.php?rest_route=%2Fwp%2Fv2%2Fcomments&post=98"}],"version-history":[{"count":4,"href":"https:\/\/ozgurcedergi.com\/index.php?rest_route=\/wp\/v2\/pages\/98\/revisions"}],"predecessor-version":[{"id":244,"href":"https:\/\/ozgurcedergi.com\/index.php?rest_route=\/wp\/v2\/pages\/98\/revisions\/244"}],"wp:attachment":[{"href":"https:\/\/ozgurcedergi.com\/index.php?rest_route=%2Fwp%2Fv2%2Fmedia&parent=98"}],"curies":[{"name":"wp","href":"https:\/\/api.w.org\/{rel}","templated":true}]}}